{"id":267,"date":"2026-03-08T13:12:12","date_gmt":"2026-03-08T12:12:12","guid":{"rendered":"https:\/\/az-correction.fr\/?page_id=267"},"modified":"2026-03-08T13:12:12","modified_gmt":"2026-03-08T12:12:12","slug":"mentions-legales","status":"publish","type":"page","link":"https:\/\/az-correction.fr\/?page_id=267","title":{"rendered":"Mentions l\u00e9gales"},"content":{"rendered":"\n<div class=\"wp-block-group\"><div class=\"wp-block-group__inner-container is-layout-constrained wp-block-group-is-layout-constrained\">\n<h2 class=\"wp-block-heading\">Politique des traceurs et cookies<\/h2>\n\n\n\n<p>Aucune.<br>\u2013&nbsp;Vraiment&nbsp;?<br>\u2013&nbsp;Noooon, rien de rieeeen&nbsp;!<\/p>\n\n\n\n<div class=\"wp-block-group\"><div class=\"wp-block-group__inner-container is-layout-constrained wp-block-group-is-layout-constrained\">\n<h2 class=\"wp-block-heading\">Politique de confidentialit\u00e9<\/h2>\n\n\n\n<p><strong>Vos donn\u00e9es et vos documents sont prot\u00e9g\u00e9s. La confidentialit\u00e9 est la r\u00e8gle.<\/strong><br>Les documents que vous fournissez pour la r\u00e9alisation des prestations ne sont pas conserv\u00e9s par d\u00e9faut except\u00e9 le temps d\u2019effectuer la prestation. Toute demande de conservation inf\u00e9rieure \u00e0 3 mois apr\u00e8s la prestation peut-\u00eatre n\u00e9goci\u00e9e avant le devis. Les documents restent votre propri\u00e9t\u00e9.<br>Seules les donn\u00e9es n\u00e9cessaires aux devis et \u00e0 la facturation seront conserv\u00e9es dans le logiciel de facturation et le fichier <em>clients<\/em>. <strong>Toute publication \u00e9ventuelle ne se fera qu\u2019avec votre autorisation \u00e9crite.<\/strong><\/p>\n<\/div><\/div>\n<\/div><\/div>\n\n\n\n<div class=\"wp-block-group\"><div class=\"wp-block-group__inner-container is-layout-constrained wp-block-group-is-layout-constrained\">\n<h2 class=\"wp-block-heading\">CGV<\/h2>\n\n\n\n<p>Voir la page des <a href=\"https:\/\/az-correction.fr\/?page_id=243\" data-type=\"page\" data-id=\"243\">conditions g\u00e9n\u00e9rales de vente<\/a>.<br>R\u00c9GATE \u2013 Coop\u00e9rative d\u2019Activit\u00e9 et d\u2019Emploi<br>SA SCOP \u00e0 capital variable \u2013 N<sup>o<\/sup> SIRET : 423 766 518 00074 \u2013 Code APE : 7112B<br>15 rue des M\u00e9tiers, 81100 CASTRES<\/p>\n<\/div><\/div>\n\n\n\n<div class=\"wp-block-group\"><div class=\"wp-block-group__inner-container is-layout-constrained wp-block-group-is-layout-constrained\">\n<h2 class=\"wp-block-heading\">H\u00e9bergeur du site<\/h2>\n\n\n\n<p>Ce site est h\u00e9berg\u00e9 par OVH SAS, 2 rue Kellermann \u2013 59100&nbsp;Roubaix \u2013 France<br>RCS Lille M\u00e9tropole 424 761 419 00045<\/p>\n<\/div><\/div>\n\n\n\n<div class=\"wp-block-group\"><div class=\"wp-block-group__inner-container is-layout-constrained wp-block-group-is-layout-constrained\">\n<h2 class=\"wp-block-heading\">\u00c9diteur<\/h2>\n\n\n\n<p>Ce site concerne mon activit\u00e9 professionnelle, mais il est ind\u00e9pendant de la <a href=\"https:\/\/www.regate.fr\">SCOP CAE R\u00c9GATE<\/a> dont je suis membre.<br>Vous pouvez me contacter en trouvant <a href=\"https:\/\/az-correction.fr\/?page_id=169\" data-type=\"page\" data-id=\"169\">mes coordonn\u00e9es sur ma page de contact<\/a> ou par la <a href=\"https:\/\/www.regate.fr\">SCOP CAE R\u00c9GATE<\/a>.<\/p>\n<\/div><\/div>\n\n\n\n<p><\/p>\n","protected":false},"excerpt":{"rendered":"<p>Politique des traceurs et cookies Aucune.\u2013&nbsp;Vraiment&nbsp;?\u2013&nbsp;Noooon, rien de rieeeen&nbsp;! Politique de confidentialit\u00e9 Vos donn\u00e9es et vos documents sont prot\u00e9g\u00e9s. La confidentialit\u00e9 est la r\u00e8gle.Les documents que vous fournissez pour la r\u00e9alisation des prestations ne sont pas conserv\u00e9s par d\u00e9faut except\u00e9 le temps d\u2019effectuer la prestation. Toute demande de conservation inf\u00e9rieure \u00e0 3 mois apr\u00e8s la&#8230;<\/p>\n","protected":false},"author":1,"featured_media":0,"parent":0,"menu_order":0,"comment_status":"closed","ping_status":"closed","template":"","meta":{"_kad_post_transparent":"","_kad_post_title":"","_kad_post_layout":"","_kad_post_sidebar_id":"","_kad_post_content_style":"","_kad_post_vertical_padding":"","_kad_post_feature":"","_kad_post_feature_position":"","_kad_post_header":false,"_kad_post_footer":false,"_kad_post_classname":"","footnotes":""},"class_list":["post-267","page","type-page","status-publish","hentry"],"_links":{"self":[{"href":"https:\/\/az-correction.fr\/index.php?rest_route=\/wp\/v2\/pages\/267","targetHints":{"allow":["GET"]}}],"collection":[{"href":"https:\/\/az-correction.fr\/index.php?rest_route=\/wp\/v2\/pages"}],"about":[{"href":"https:\/\/az-correction.fr\/index.php?rest_route=\/wp\/v2\/types\/page"}],"author":[{"embeddable":true,"href":"https:\/\/az-correction.fr\/index.php?rest_route=\/wp\/v2\/users\/1"}],"replies":[{"embeddable":true,"href":"https:\/\/az-correction.fr\/index.php?rest_route=%2Fwp%2Fv2%2Fcomments&post=267"}],"version-history":[{"count":4,"href":"https:\/\/az-correction.fr\/index.php?rest_route=\/wp\/v2\/pages\/267\/revisions"}],"predecessor-version":[{"id":284,"href":"https:\/\/az-correction.fr\/index.php?rest_route=\/wp\/v2\/pages\/267\/revisions\/284"}],"wp:attachment":[{"href":"https:\/\/az-correction.fr\/index.php?rest_route=%2Fwp%2Fv2%2Fmedia&parent=267"}],"curies":[{"name":"wp","href":"https:\/\/api.w.org\/{rel}","templated":true}]}}