{"id":309,"date":"2026-03-11T20:02:09","date_gmt":"2026-03-11T19:02:09","guid":{"rendered":"https:\/\/az-correction.fr\/?page_id=309"},"modified":"2026-03-12T10:26:03","modified_gmt":"2026-03-12T09:26:03","slug":"connaitre-le-nombre-de-signes-dun-texte","status":"publish","type":"page","link":"https:\/\/az-correction.fr\/?page_id=309","title":{"rendered":"Conna\u00eetre le nombre de signes d\u2019un texte"},"content":{"rendered":"\n<p>Ce nombre est le param\u00e8tre le plus objectif entrant dans l\u2019estimation du prix d\u2019une prestation, car il est une mesure pr\u00e9cise de la taille du texte et du travail \u00e0 effectuer. De plus, il est facilement accessible \u00e0 l\u2019auteur(e) ayant saisi son texte \u00e0 l\u2019aide d\u2019un traitement de texte.<\/p>\n\n\n\n<h2 class=\"wp-block-heading\">Qu\u2019est-ce qu\u2019un signe&nbsp;?<\/h2>\n\n\n\n<p>Un signe est un caract\u00e8re visible tel qu\u2019une lettre, un chiffre, un symbole, la ponctuation, le tiret court ou long, l\u2019apostrophe, les guillemets, etc. Les accents font partie du signe et ne sont pas compt\u00e9s s\u00e9par\u00e9ment de lui.<br>Cette d\u00e9finition inclut les espaces, car ils<sup>(*)<\/sup> seront corrig\u00e9s : espaces inutiles, espaces manquants, espaces justifiants au lieu d\u2019ins\u00e9cables,\u00a0etc.<\/p>\n\n\n\n<h2 class=\"wp-block-heading\">O\u00f9 trouver cette information&nbsp;?<\/h2>\n\n\n\n<p>De mani\u00e8re g\u00e9n\u00e9rale, dans un traitement de texte, cette information est pr\u00e9sente dans les <em>Propri\u00e9t\u00e9s<\/em> du document (du fichier).<\/p>\n\n\n\n<h2 class=\"wp-block-heading\">Exemple avec LibreOffice Writer<\/h2>\n\n\n\n<div class=\"wp-block-group\"><div class=\"wp-block-group__inner-container is-layout-constrained wp-block-group-is-layout-constrained\">\n<p>Le document \u00e9tant ouvert, allez dans le menu <em>Fichier<\/em>\u00a0:<\/p>\n\n\n<div class=\"wp-block-image\">\n<figure class=\"aligncenter size-full\"><img loading=\"lazy\" decoding=\"async\" width=\"360\" height=\"644\" src=\"https:\/\/az-correction.fr\/wp-content\/uploads\/2026\/03\/LOW-Fichier-Proprietes.png\" alt=\"\" class=\"wp-image-312\" srcset=\"https:\/\/az-correction.fr\/wp-content\/uploads\/2026\/03\/LOW-Fichier-Proprietes.png 360w, https:\/\/az-correction.fr\/wp-content\/uploads\/2026\/03\/LOW-Fichier-Proprietes-168x300.png 168w\" sizes=\"auto, (max-width: 360px) 100vw, 360px\" \/><\/figure>\n<\/div><\/div><\/div>\n\n\n\n<div class=\"wp-block-group\"><div class=\"wp-block-group__inner-container is-layout-constrained wp-block-group-is-layout-constrained\">\n<div class=\"wp-block-group\"><div class=\"wp-block-group__inner-container is-layout-constrained wp-block-group-is-layout-constrained\">\n<div class=\"wp-block-group\"><div class=\"wp-block-group__inner-container is-layout-constrained wp-block-group-is-layout-constrained\">\n<p>et s\u00e9lectionner le choix <em>Propri\u00e9t\u00e9s\u2026<\/em> puis l\u2019onglet <em>Statistiques<\/em>\u00a0:<\/p>\n\n\n<div class=\"wp-block-image\">\n<figure class=\"aligncenter size-full\"><img loading=\"lazy\" decoding=\"async\" width=\"937\" height=\"594\" src=\"https:\/\/az-correction.fr\/wp-content\/uploads\/2026\/03\/LOW-Fichier-Proprietes-Statistiques.png\" alt=\"\" class=\"wp-image-313\" srcset=\"https:\/\/az-correction.fr\/wp-content\/uploads\/2026\/03\/LOW-Fichier-Proprietes-Statistiques.png 937w, https:\/\/az-correction.fr\/wp-content\/uploads\/2026\/03\/LOW-Fichier-Proprietes-Statistiques-300x190.png 300w, https:\/\/az-correction.fr\/wp-content\/uploads\/2026\/03\/LOW-Fichier-Proprietes-Statistiques-768x487.png 768w\" sizes=\"auto, (max-width: 937px) 100vw, 937px\" \/><\/figure>\n<\/div><\/div><\/div>\n\n\n\n<p>L\u2019information importante est la ligne\u00a0: <strong>Caract\u00e8res\u202f: 26\u202f027<\/strong><\/p>\n<\/div><\/div>\n<\/div><\/div>\n\n\n\n<div class=\"wp-block-group\"><div class=\"wp-block-group__inner-container is-layout-constrained wp-block-group-is-layout-constrained\">\n<p><strong>Astuce<\/strong>\u00a0: l\u2019information est affich\u00e9e au bas de la fen\u00eatre\u00a0:<\/p>\n\n\n<div class=\"wp-block-image\">\n<figure class=\"aligncenter size-full\"><img loading=\"lazy\" decoding=\"async\" width=\"822\" height=\"64\" src=\"https:\/\/az-correction.fr\/wp-content\/uploads\/2026\/03\/Capture-decran-du-2026-03-12-10-09-38-art2.png\" alt=\"\" class=\"wp-image-326\" srcset=\"https:\/\/az-correction.fr\/wp-content\/uploads\/2026\/03\/Capture-decran-du-2026-03-12-10-09-38-art2.png 822w, https:\/\/az-correction.fr\/wp-content\/uploads\/2026\/03\/Capture-decran-du-2026-03-12-10-09-38-art2-300x23.png 300w, https:\/\/az-correction.fr\/wp-content\/uploads\/2026\/03\/Capture-decran-du-2026-03-12-10-09-38-art2-768x60.png 768w\" sizes=\"auto, (max-width: 822px) 100vw, 822px\" \/><\/figure>\n<\/div><\/div><\/div>\n\n\n\n<h2 class=\"wp-block-heading\">Exemple avec Microsoft 365 Word<\/h2>\n\n\n\n<p>Le document \u00e9tant ouvert\u00a0:<\/p>\n\n\n<div class=\"wp-block-image\">\n<figure class=\"aligncenter size-full\"><img loading=\"lazy\" decoding=\"async\" width=\"1024\" height=\"655\" src=\"https:\/\/az-correction.fr\/wp-content\/uploads\/2026\/03\/Capture-decran-du-2026-03-12-09-00-49-art2.png\" alt=\"\" class=\"wp-image-320\" srcset=\"https:\/\/az-correction.fr\/wp-content\/uploads\/2026\/03\/Capture-decran-du-2026-03-12-09-00-49-art2.png 1024w, https:\/\/az-correction.fr\/wp-content\/uploads\/2026\/03\/Capture-decran-du-2026-03-12-09-00-49-art2-300x192.png 300w, https:\/\/az-correction.fr\/wp-content\/uploads\/2026\/03\/Capture-decran-du-2026-03-12-09-00-49-art2-768x491.png 768w\" sizes=\"auto, (max-width: 1024px) 100vw, 1024px\" \/><\/figure>\n<\/div>\n\n\n<p>s\u00e9lectionnez le menu <em>Fichier<\/em>\u00a0puis <em>Informations<\/em>\u00a0:<\/p>\n\n\n<div class=\"wp-block-image\">\n<figure class=\"aligncenter size-full\"><img loading=\"lazy\" decoding=\"async\" width=\"1024\" height=\"655\" src=\"https:\/\/az-correction.fr\/wp-content\/uploads\/2026\/03\/Capture-decran-du-2026-03-12-09-01-12-art2.png\" alt=\"\" class=\"wp-image-321\" srcset=\"https:\/\/az-correction.fr\/wp-content\/uploads\/2026\/03\/Capture-decran-du-2026-03-12-09-01-12-art2.png 1024w, https:\/\/az-correction.fr\/wp-content\/uploads\/2026\/03\/Capture-decran-du-2026-03-12-09-01-12-art2-300x192.png 300w, https:\/\/az-correction.fr\/wp-content\/uploads\/2026\/03\/Capture-decran-du-2026-03-12-09-01-12-art2-768x491.png 768w\" sizes=\"auto, (max-width: 1024px) 100vw, 1024px\" \/><\/figure>\n<\/div>\n\n\n<p>ensuite sur le bouton <em>Propri\u00e9t\u00e9s\u202f<sub>\u02c7<\/sub><\/em>\u00a0:<\/p>\n\n\n<div class=\"wp-block-image\">\n<figure class=\"aligncenter size-full\"><img loading=\"lazy\" decoding=\"async\" width=\"267\" height=\"204\" src=\"https:\/\/az-correction.fr\/wp-content\/uploads\/2026\/03\/Capture-decran-du-2026-03-12-09-01-40-art2.png\" alt=\"\" class=\"wp-image-322\"\/><\/figure>\n<\/div>\n\n\n<p>s\u00e9lectionnez <em>Propri\u00e9t\u00e9s avanc\u00e9es<\/em>\u00a0:<\/p>\n\n\n<div class=\"wp-block-image\">\n<figure class=\"aligncenter size-full\"><img loading=\"lazy\" decoding=\"async\" width=\"828\" height=\"569\" src=\"https:\/\/az-correction.fr\/wp-content\/uploads\/2026\/03\/Capture-decran-du-2026-03-12-09-02-21-art2.png\" alt=\"\" class=\"wp-image-323\" srcset=\"https:\/\/az-correction.fr\/wp-content\/uploads\/2026\/03\/Capture-decran-du-2026-03-12-09-02-21-art2.png 828w, https:\/\/az-correction.fr\/wp-content\/uploads\/2026\/03\/Capture-decran-du-2026-03-12-09-02-21-art2-300x206.png 300w, https:\/\/az-correction.fr\/wp-content\/uploads\/2026\/03\/Capture-decran-du-2026-03-12-09-02-21-art2-768x528.png 768w\" sizes=\"auto, (max-width: 828px) 100vw, 828px\" \/><\/figure>\n<\/div>\n\n\n<p>et enfin, s\u00e9lectionnez l\u2019onglet <em>Statistiques<\/em>.<br>L\u2019information se voit au bas, sur la ligne\u00a0: <strong>Caract\u00e8res (espaces compris)\u00a0: 26\u202f027<\/strong>.<br>Remarque\u00a0: ce n\u2019est pas exactement le m\u00eame document que dans l\u2019exemple LibreOffice Writer.<\/p>\n\n\n\n<p><strong>Astuce<\/strong>\u00a0: sur la premi\u00e8re capture d\u2019\u00e9cran de ce paragraphe on voit ceci affich\u00e9 au bas\u00a0:<\/p>\n\n\n<div class=\"wp-block-image\">\n<figure class=\"aligncenter size-full\"><img loading=\"lazy\" decoding=\"async\" width=\"822\" height=\"64\" src=\"https:\/\/az-correction.fr\/wp-content\/uploads\/2026\/03\/Capture-decran-du-2026-03-12-09-48-03-art2.png\" alt=\"\" class=\"wp-image-324\" srcset=\"https:\/\/az-correction.fr\/wp-content\/uploads\/2026\/03\/Capture-decran-du-2026-03-12-09-48-03-art2.png 822w, https:\/\/az-correction.fr\/wp-content\/uploads\/2026\/03\/Capture-decran-du-2026-03-12-09-48-03-art2-300x23.png 300w, https:\/\/az-correction.fr\/wp-content\/uploads\/2026\/03\/Capture-decran-du-2026-03-12-09-48-03-art2-768x60.png 768w\" sizes=\"auto, (max-width: 822px) 100vw, 822px\" \/><\/figure>\n<\/div>\n\n\n<p>cliquez sur la zone affichant le nombre de mots (<mark style=\"background-color:var(--global-palette3)\" class=\"has-inline-color has-theme-palette-9-color\">4512 mots<\/mark>) et vous arriverez sur la petite fen\u00eatre des propri\u00e9t\u00e9s o\u00f9 vous s\u00e9lectionnerez l\u2019onglet <em>Statistiques<\/em>. <\/p>\n\n\n\n<p><em>Vous noterez le choix (ou l\u2019erreur\u202f?) du masculin pour le mot <\/em>espace<em> ainsi que le manque de s\u00e9parateur des milliers pour les nombres.<\/em><\/p>\n\n\n\n<p><\/p>\n\n\n\n<p>(*)&nbsp;<strong>Espace<\/strong> est un nom masculin de mani\u00e8re g\u00e9n\u00e9rale, mais en imprimerie et en typographie, c\u2019est un nom f\u00e9minin&nbsp;: une espace justifiante, fine, forte.<\/p>\n","protected":false},"excerpt":{"rendered":"<p>Ce nombre est le param\u00e8tre le plus objectif entrant dans l\u2019estimation du prix d\u2019une prestation, car il est une mesure pr\u00e9cise de la taille du texte et du travail \u00e0 effectuer. De plus, il est facilement accessible \u00e0 l\u2019auteur(e) ayant saisi son texte \u00e0 l\u2019aide d\u2019un traitement de texte. Qu\u2019est-ce qu\u2019un signe&nbsp;? Un signe est&#8230;<\/p>\n","protected":false},"author":1,"featured_media":0,"parent":0,"menu_order":0,"comment_status":"closed","ping_status":"closed","template":"","meta":{"_kad_post_transparent":"","_kad_post_title":"","_kad_post_layout":"","_kad_post_sidebar_id":"","_kad_post_content_style":"","_kad_post_vertical_padding":"","_kad_post_feature":"","_kad_post_feature_position":"","_kad_post_header":false,"_kad_post_footer":false,"_kad_post_classname":"","footnotes":""},"class_list":["post-309","page","type-page","status-publish","hentry"],"_links":{"self":[{"href":"https:\/\/az-correction.fr\/index.php?rest_route=\/wp\/v2\/pages\/309","targetHints":{"allow":["GET"]}}],"collection":[{"href":"https:\/\/az-correction.fr\/index.php?rest_route=\/wp\/v2\/pages"}],"about":[{"href":"https:\/\/az-correction.fr\/index.php?rest_route=\/wp\/v2\/types\/page"}],"author":[{"embeddable":true,"href":"https:\/\/az-correction.fr\/index.php?rest_route=\/wp\/v2\/users\/1"}],"replies":[{"embeddable":true,"href":"https:\/\/az-correction.fr\/index.php?rest_route=%2Fwp%2Fv2%2Fcomments&post=309"}],"version-history":[{"count":10,"href":"https:\/\/az-correction.fr\/index.php?rest_route=\/wp\/v2\/pages\/309\/revisions"}],"predecessor-version":[{"id":330,"href":"https:\/\/az-correction.fr\/index.php?rest_route=\/wp\/v2\/pages\/309\/revisions\/330"}],"wp:attachment":[{"href":"https:\/\/az-correction.fr\/index.php?rest_route=%2Fwp%2Fv2%2Fmedia&parent=309"}],"curies":[{"name":"wp","href":"https:\/\/api.w.org\/{rel}","templated":true}]}}