{"id":54,"date":"2025-11-23T16:11:43","date_gmt":"2025-11-23T15:11:43","guid":{"rendered":"https:\/\/az-correction.fr\/?page_id=54"},"modified":"2026-01-30T18:44:27","modified_gmt":"2026-01-30T17:44:27","slug":"formation","status":"publish","type":"page","link":"https:\/\/az-correction.fr\/?page_id=54","title":{"rendered":"Formation et exp\u00e9rience"},"content":{"rendered":"\n<p><a href=\"https:\/\/certification.lerobert.com\" target=\"_blank\" rel=\"noreferrer noopener\">Certificat Le&nbsp;Robert<\/a>&nbsp;: score de 924\u202f\/\u202f1\u202f000.<br>Pour la v\u00e9rification, se rendre sur <a href=\"https:\/\/examen.certification-le-robert.com\/index.html#\/certificationPublic\/\" target=\"_blank\" rel=\"noreferrer noopener\">le site de v\u00e9rification<\/a> et taper le code *FWQ8SNCEN (en prenant soin de remplacer l\u2019ast\u00e9risque par la deuxi\u00e8me lettre de l\u2019alphabet fran\u00e7ais).<\/p>\n\n\n\n<p><em>Comme vous le constatez, je n\u2019ai pas pass\u00e9 le certificat Voltaire. Cela viendra peut-\u00eatre.<\/em><\/p>\n\n\n\n<hr \/>\n\n\n\n<p><a href=\"https:\/\/eflc.fr\/\" target=\"_blank\" rel=\"noreferrer noopener\"><\/a><a href=\"https:\/\/eflc.fr\/\" target=\"_blank\" rel=\"noreferrer noopener\">\u00c9cole Fran\u00e7aise de Lecteur-Correcteur<\/a> (EFLC)&nbsp;:<br>Cette formation compl\u00e8te sur le m\u00e9tier de <a href=\"https:\/\/eflc.fr\/formation-lecteur-correcteur\/\" target=\"_blank\" rel=\"noreferrer noopener\">Lecteur\u2013Correcteur<\/a> se conclut par le passage du certificat Le&nbsp;Robert.<\/p>\n\n\n\n<p><em>Je n\u2019en pense que du bien&nbsp;: compl\u00e8te, des cours \u00e0 travailler chaque semaine, des exercices de consolidation, du travail de correction<em> chaque quinzaine<\/em> avec un retour personnalis\u00e9 \u00e9tabli par des professionnels, des visioconf\u00e9rences par des pro\u2026, du contact avec les autres apprenants, et un tr\u00e8s bon esprit de la part de toute l\u2019\u00e9quipe.<\/em><\/p>\n\n\n\n<hr \/>\n\n\n\n<p><a href=\"https:\/\/www.fun-mooc.fr\/fr\/\">France Universit\u00e9 Num\u00e9rique<\/a>&nbsp;: cours <a href=\"https:\/\/www.fun-mooc.fr\/fr\/cours\/renforcer-ses-competences-orthographiques\/\" target=\"_blank\" rel=\"noreferrer noopener\"><em>Renforcer ses comp\u00e9tences orthographiques<\/em><\/a><strong>.<\/strong><\/p>\n\n\n\n<p><em>Je vous conseille de suivre ce site de temps en temps si vous \u00eates curieux et voulez apprendre.<\/em><\/p>\n\n\n\n<hr \/>\n\n\n\n<p><\/p>\n","protected":false},"excerpt":{"rendered":"<p>Certificat Le&nbsp;Robert&nbsp;: score de 924\u202f\/\u202f1\u202f000.Pour la v\u00e9rification, se rendre sur le site de v\u00e9rification et taper le code *FWQ8SNCEN (en prenant soin de remplacer l\u2019ast\u00e9risque par la deuxi\u00e8me lettre de l\u2019alphabet fran\u00e7ais). Comme vous le constatez, je n\u2019ai pas pass\u00e9 le certificat Voltaire. Cela viendra peut-\u00eatre. \u00c9cole Fran\u00e7aise de Lecteur-Correcteur (EFLC)&nbsp;:Cette formation compl\u00e8te sur le&#8230;<\/p>\n","protected":false},"author":1,"featured_media":0,"parent":0,"menu_order":3,"comment_status":"closed","ping_status":"closed","template":"","meta":{"_kad_post_transparent":"","_kad_post_title":"","_kad_post_layout":"","_kad_post_sidebar_id":"","_kad_post_content_style":"","_kad_post_vertical_padding":"","_kad_post_feature":"","_kad_post_feature_position":"","_kad_post_header":false,"_kad_post_footer":false,"_kad_post_classname":"","footnotes":""},"class_list":["post-54","page","type-page","status-publish","hentry"],"_links":{"self":[{"href":"https:\/\/az-correction.fr\/index.php?rest_route=\/wp\/v2\/pages\/54","targetHints":{"allow":["GET"]}}],"collection":[{"href":"https:\/\/az-correction.fr\/index.php?rest_route=\/wp\/v2\/pages"}],"about":[{"href":"https:\/\/az-correction.fr\/index.php?rest_route=\/wp\/v2\/types\/page"}],"author":[{"embeddable":true,"href":"https:\/\/az-correction.fr\/index.php?rest_route=\/wp\/v2\/users\/1"}],"replies":[{"embeddable":true,"href":"https:\/\/az-correction.fr\/index.php?rest_route=%2Fwp%2Fv2%2Fcomments&post=54"}],"version-history":[{"count":26,"href":"https:\/\/az-correction.fr\/index.php?rest_route=\/wp\/v2\/pages\/54\/revisions"}],"predecessor-version":[{"id":184,"href":"https:\/\/az-correction.fr\/index.php?rest_route=\/wp\/v2\/pages\/54\/revisions\/184"}],"wp:attachment":[{"href":"https:\/\/az-correction.fr\/index.php?rest_route=%2Fwp%2Fv2%2Fmedia&parent=54"}],"curies":[{"name":"wp","href":"https:\/\/api.w.org\/{rel}","templated":true}]}}