{"id":56,"date":"2025-11-23T17:03:43","date_gmt":"2025-11-23T16:03:43","guid":{"rendered":"https:\/\/az-correction.fr\/?page_id=56"},"modified":"2026-03-04T15:51:31","modified_gmt":"2026-03-04T14:51:31","slug":"accueil","status":"publish","type":"page","link":"https:\/\/az-correction.fr\/?page_id=56","title":{"rendered":"Bienvenue \u00e0 toutes et \u00e0 tous\u00a0!"},"content":{"rendered":"\n<p>Vous recherchez la qualit\u00e9 dans votre communication, dans vos \u00e9crits&nbsp;?<\/p>\n\n\n\n<p>Vous \u00eates une entreprise, une collectivit\u00e9, un auteur, une autrice, un particulier&nbsp;?<\/p>\n\n\n\n<p><strong>Je vous propose une prestation compl\u00e8te de lecture\u2011correction pour&nbsp;:<\/strong><\/p>\n\n\n\n<ul class=\"wp-block-list\">\n<li>vos cartes de visite, d\u00e9pliants, brochures,<\/li>\n\n\n\n<li>vos articles, pages web, bulletins, magazines,<\/li>\n\n\n\n<li>vos livres th\u00e9matiques,<\/li>\n\n\n\n<li>vos conf\u00e9rences publiques,<\/li>\n\n\n\n<li>vos romans, r\u00e9cits, nouvelles, beaux livres,<\/li>\n\n\n\n<li>vos CV &amp; lettres de motivation,<\/li>\n\n\n\n<li>votre th\u00e8se, votre m\u00e9moire, votre rapport.<\/li>\n<\/ul>\n\n\n\n<p>Vous restez ma\u00eetre des documents et d\u00e9cideur de la correction.<\/p>\n\n\n\n<p><a href=\"https:\/\/az-correction.fr\/?page_id=169\" data-type=\"page\" data-id=\"169\">Contactez-moi&nbsp;!<\/a><\/p>\n","protected":false},"excerpt":{"rendered":"<p>Vous recherchez la qualit\u00e9 dans votre communication, dans vos \u00e9crits&nbsp;? Vous \u00eates une entreprise, une collectivit\u00e9, un auteur, une autrice, un particulier&nbsp;? Je vous propose une prestation compl\u00e8te de lecture\u2011correction pour&nbsp;: Vous restez ma\u00eetre des documents et d\u00e9cideur de la correction. Contactez-moi&nbsp;!<\/p>\n","protected":false},"author":1,"featured_media":0,"parent":0,"menu_order":0,"comment_status":"closed","ping_status":"closed","template":"","meta":{"_kad_post_transparent":"","_kad_post_title":"","_kad_post_layout":"","_kad_post_sidebar_id":"","_kad_post_content_style":"","_kad_post_vertical_padding":"","_kad_post_feature":"","_kad_post_feature_position":"","_kad_post_header":false,"_kad_post_footer":false,"_kad_post_classname":"","footnotes":""},"class_list":["post-56","page","type-page","status-publish","hentry"],"_links":{"self":[{"href":"https:\/\/az-correction.fr\/index.php?rest_route=\/wp\/v2\/pages\/56","targetHints":{"allow":["GET"]}}],"collection":[{"href":"https:\/\/az-correction.fr\/index.php?rest_route=\/wp\/v2\/pages"}],"about":[{"href":"https:\/\/az-correction.fr\/index.php?rest_route=\/wp\/v2\/types\/page"}],"author":[{"embeddable":true,"href":"https:\/\/az-correction.fr\/index.php?rest_route=\/wp\/v2\/users\/1"}],"replies":[{"embeddable":true,"href":"https:\/\/az-correction.fr\/index.php?rest_route=%2Fwp%2Fv2%2Fcomments&post=56"}],"version-history":[{"count":14,"href":"https:\/\/az-correction.fr\/index.php?rest_route=\/wp\/v2\/pages\/56\/revisions"}],"predecessor-version":[{"id":241,"href":"https:\/\/az-correction.fr\/index.php?rest_route=\/wp\/v2\/pages\/56\/revisions\/241"}],"wp:attachment":[{"href":"https:\/\/az-correction.fr\/index.php?rest_route=%2Fwp%2Fv2%2Fmedia&parent=56"}],"curies":[{"name":"wp","href":"https:\/\/api.w.org\/{rel}","templated":true}]}}